ate the remainder when 5228 is divided by g.
3
Calculate the remainder when 390 is divided by 704/7 + (-25)/(350/8).
90
Let t(y) = 17*y**2 + y + 2. Let x be t(-1). Suppose x*f = -13*f + 496. Let u(h) = 44*h**3 + 2*h**2 - h. Calculate the remainder when u(1) is divided by f.
13
Suppose 0 = -3*i + 76 + 77. Calculate the remainder when i is divided by (-6 - -4)*(1 + (-21)/2).
13
Let o(v) be the first derivative of 4*v**2 - 58*v - 20. What is the remainder when o(14) is divided by 14?
12
Suppose -65*p + 54*p = -462. Suppose 0 = p*f - 316 - 12494. What is the remainder when f is divided by 18?
17
Let h(w) = 3*w**3 - 55*w**2 + 408*w + 9. Calculate the remainder when h(7) is divided by 10.
9
Suppose 2*d + 4*t - 440 = 0, 3*d - 631 = t - 6. What is the remainder when 5662 is divided by d?
202
Suppose 4 = -133*p + 134*p. Suppose 0 = -p*c + 2*y + 986, -3*y + 302 + 171 = 2*c. What is the remainder when c is divided by 2/((-2)/2) + 51?
48
Let n(f) = f**3 - 7*f**2 - 4*f + 13. Let v be n(5). Let g = -32 - v. What is the remainder when g is divided by 14?
11
Let o = -294364 - -294792. What is the remainder when o is divided by (-12)/(-10)*40/1?
44
Let p(w) = -1119*w - 245. Calculate the remainder when p(-5) is divided by 101.
98
Let n(r) = -r + 3. Let o(y) = -y**3 + 5*y**2 - 9*y + 8. Let f be o(4). Let m be n(f). Suppose m*t - 1143 = 6*t. Calculate the remainder when t is divided by 32.
31
Let w be ((-12)/18)/(1/3). Let g(u) = -15*u + 1. Let d = -5757 - -5846. What is the remainder when d is divided by g(w)?
27
Let r = -968 - -836. Let k = r + 153. Calculate the remainder when 63 is divided by k.
0
Let q be 3*2/(-3) + 4. Let k(p) = -q*p**2 - p**2 + 2*p**2 - 4 - 1 + 7*p. What is the remainder when k(3) is divided by 1?
0
Let k be ((-3 - 2) + 3)*(-10)/4. Suppose 0 = -0*w + k*w - 20. Suppose w*d + 3*h = 15, d = -2*d + 5*h + 4. Calculate the remainder when d is divided by 2.
1
Let t(j) = j**3 - 15*j**2 + 27*j - 17. Let o be t(13). Let l be o - (13 - -5 - (-8)/2). Let v = 101 + l. Calculate the remainder when v is divided by 26.
23
Suppose -5*u - 3*x = -57, -4*u = -11*x + 12*x - 40. Let v = -2 + -4. Calculate the remainder when v + 852/u - 4/(-3) is divided by 23.
21
Let r(o) = -10*o**3 + 10*o**2 - 2*o - 21. Calculate the remainder when r(-3) is divided by 9.
3
Let h be (-5)/((-1)/51*7/14). Let d = h + -492. Calculate the remainder when 56 is divided by d.
2
Let n = 49 + -6. Suppose -n + 130 = 3*j - b, 3*b - 99 = -3*j. Let r = 151 - 132. What is the remainder when j is divided by r?
11
Suppose 0 = 2*z, 0 = -9*n + 6*n - 5*z + 12. Suppose 0 = -5*c - n*c + 162. Calculate the remainder when 646 is divided by c.
16
Suppose -2*r + 14 = 0, -68*i + 69*i - 16902 = -4*r. What is the remainder when i is divided by 75?
74
Suppose 0 = 3*x - 21 + 15. Let l be (-56)/24 - x/3. What is the remainder when (-1 + l)*(-29)/2 is divided by 15?
13
Suppose -4*z + 2145 + 7335 = -4*h, 3*h + 21318 = 9*z. Calculate the remainder when z is divided by 197.
4
Let m = -7258 + 7299. Calculate the remainder when 320 is divided by m.
33
Let w = 152 + -152. Suppose 3*z - 3*g - 15 = w, 2*g - 4 = -2*z - 2. What is the remainder when 113 is divided by z?
2
Let p be ((-14)/(-4))/((-21)/6 + 3). What is the remainder when (-418)/p + 185/35 + -5 is divided by 3/(9/8)*6?
12
Suppose 0 = -7*l - 33 + 12. What is the remainder when (-3 + 3)/l - -128 is divided by 19?
14
Suppose 94*z + 55*z = 7003. Calculate the remainder when 1543 is divided by z.
39
Suppose 2*g + 157 = d + 144, g = 2. What is the remainder when 295 is divided by d?
6
Suppose -4*u = 3*y - 51, 3*u + 6*y - y - 41 = 0. Calculate the remainder when 32 is divided by (12/(-21))/(u/(-42)).
0
Suppose 0 = 15*s + 3*s + 18. Calculate the remainder when 1730/34 - (-14)/119 - s is divided by 42.
10
Let d(h) = -153*h - 159. Let u be d(-9). Suppose 9*z = 3*z + u. Calculate the remainder when z is divided by 17.
16
Let x(z) = 10*z - 4. Let g(b) = -b**3 - 12*b**2 - 54*b - 48. Calculate the remainder when g(-9) is divided by x(7).
63
Let y(o) = -2*o**2 + 34*o + 536. Calculate the remainder when y(24) is divided by 103.
97
Let p = -36 - -64. Let t = p + 19. What is the remainder when (-6 + -29)/(-5)*740/28 is divided by t?
44
Let s(y) = 8868*y + 195101. Let w = 5 + -1. Suppose 8*n - 168 = 3*n + w*b, 0 = 2*n + b - 62. Calculate the remainder when n is divided by s(-22).
2
Suppose g + 44 = j, 35*g = -5*j + 33*g + 262. Calculate the remainder when 848 is divided by j.
48
Calculate the remainder when 2370/(-3950) + ((-3466)/10)/(-1) is divided by 154.
38
Let q(t) = -t**2 - 9*t + 2. Let w = -50 + 57. Suppose -w*m = -4*m - 18. Calculate the remainder when q(-5) is divided by m.
4
Let t = -5824 - -6912. What is the remainder when t is divided by 17?
0
Suppose 3*m = -m + 84. Suppose 86*a - 425 = -299 + 562. What is the remainder when m is divided by a?
5
Suppose l + 187 = 4*a, -2*a = -3*l - 0*l - 551. Let j = -164 - l. Let k = -24 + 35. Calculate the remainder when j is divided by k.
8
Suppose -2042 = -3*m - 17*x, -4*m = -4*x + 3*x - 2770. Calculate the remainder when m is divided by 186.
134
Let w(t) = 6*t - 153. Let r be w(30). Calculate the remainder when 52 is divided by (-19)/(-38)*(1 + r).
10
Suppose -5002 = -20*w - 62*w. Calculate the remainder when 1401 is divided by w.
59
Calculate the remainder when ((-198)/(-5))/(58/145) is divided by 26.
21
Let y(i) = i**3 - 42*i**2 + i + 61. Let g be y(42). Suppose 298 = 13*u + g. Calculate the remainder when 73 is divided by u.
13
Let b(r) = -r**3 + r**2 - r + 1. Let q(i) = 22*i**3 + 3*i**2 - 4*i + 5. Let v(c) = 4*b(c) - q(c). What is the remainder when v(-2) is divided by 72?
67
Let g(w) = 13*w + 61. Let a(z) = 13*z + 60. Let d(q) = 4*a(q) - 5*g(q). Calculate the remainder when 50 is divided by d(-7).
24
Suppose -2*w + 3*u + 208 = 0, -24*u + 200 = 2*w - 25*u. What is the remainder when 232 is divided by w?
36
Suppose -13344 - 5356 = 25*h. Let d = 757 + h. What is the remainder when 259 is divided by d?
7
Let f = 73 + -52. Let z(o) = -o**2 + 6*o + 15. Let k be z(7). Suppose 4 = t + 2, -2*m + t + k = 0. What is the remainder when f is divided by m?
1
Let s be (-2)/(-4) + 87/6. Calculate the remainder when ((-1)/2)/(s/(-1230)) is divided by 21.
20
Suppose 28*m + 650 = 3*m. What is the remainder when (-21)/6*m + 4 is divided by 25?
20
Let f(l) = -12*l**2 + 65*l + 1. Suppose 2*q - 2*z - 310 = 0, -3*q - z + 2*z + 463 = 0. Calculate the remainder when q is divided by f(5).
24
Suppose -16*j + 35*j - 3325 = 0. Suppose -j + 157 = -o. What is the remainder when 305 is divided by o?
17
Suppose x = -5*b + 14, -4*x - b + 6 = -12. Suppose -42 = -4*t + 22. Calculate the remainder when (-208)/(-5) + (44/10 - x) is divided by t.
10
Let m(b) = 94*b + 240. Let i be m(8). Suppose i*h - 998*h = -2130. What is the remainder when h is divided by 17?
15
Suppose -4*y + 3*b = -1765, 0 = 2*y + 4*b - 870 - 40. Calculate the remainder when y is divided by 15.
10
Let d(i) = 7*i**2 - i - 32. Let y be (-42)/126 - 3/((-18)/38). What is the remainder when d(y) is divided by 31?
28
Let m(q) = -221*q - 17621. Calculate the remainder when 243*(2 - 3)*-1 is divided by m(-80).
7
Let f = -45 + 29. Let b be 5/6 - (-1)/(-6) - (-1278)/27. Let h = b + f. Calculate the remainder when 157 is divided by h.
29
Suppose 40*x = 44*x - i - 225, 0 = 2*x + 5*i - 85. What is the remainder when 113 is divided by x?
3
Let k(y) = 2*y**3 + 16*y**2 + y - 40. Suppose -2*t + 990 = -0*q + 5*q, 2*t + 410 = 2*q. Calculate the remainder when q is divided by k(-7).
47
Suppose -2*q - f = -3*q + 123, -5*q + 3*f + 619 = 0. Suppose -60*x - q = -65*x. What is the remainder when 96 is divided by x?
21
Let n(k) = 0 + 27*k**2 + 16 - 31*k**2 - 4*k. Let z be n(3). Let a = 5 - z. What is the remainder when a is divided by 10?
7
Let c(l) = 4*l**2 + 12*l + 41. Suppose r - 1 = -7. Calculate the remainder when c(r) is divided by 6.
5
Let t = 537 + -161. Let h = t - 367. What is the remainder when 34 is divided by h?
7
Suppose w + 3*j - 6 = 0, 0 = 4*w + 345*j - 347*j - 94. Calculate the remainder when 110 is divided by w.
5
Let i(y) = -4*y**3 - 2*y**2 - 11*y - 35. Calculate the remainder when i(-4) is divided by 75.
8
Suppose 5*t - 23 = 2*v, -1 - 29 = -5*v - 5*t. Let m(b) = 117*b**2 - 4*b + 6. What i